of 14329427?
4
What is the millions digit of 482268587?
2
What is the thousands digit of 157107395?
7
What is the units digit of 8835606?
6
What is the ten thousands digit of 115334288?
3
What is the ten thousands digit of 788352004?
5
What is the hundred thousands digit of 5432571861?
5
What is the units digit of 310255599?
9
What is the millions digit of 249328960?
9
What is the hundred millions digit of 279461056?
2
What is the thousands digit of 367453736?
3
What is the ten millions digit of 6442705854?
4
What is the tens digit of 2855414346?
4
What is the ten thousands digit of 53739469?
3
What is the tens digit of 398865042?
4
What is the ten millions digit of 540642546?
4
What is the tens digit of 68362187?
8
What is the hundred thousands digit of 54468676?
4
What is the hundred thousands digit of 1452311799?
3
What is the units digit of 2825021493?
3
What is the hundred millions digit of 6417462910?
4
What is the hundred millions digit of 441074854?
4
What is the hundreds digit of 103192698?
6
What is the hundred thousands digit of 312706804?
7
What is the thousands digit of 258479045?
9
What is the millions digit of 1358685018?
8
What is the hundred millions digit of 250723357?
2
What is the tens digit of 2638517124?
2
What is the thousands digit of 302354916?
4
What is the hundreds digit of 17596576?
5
What is the ten millions digit of 4124849030?
2
What is the ten thousands digit of 1325567675?
6
What is the ten millions digit of 4058270765?
5
What is the ten millions digit of 998785745?
9
What is the tens digit of 79157249?
4
What is the units digit of 43432977?
7
What is the hundred thousands digit of 48902746?
9
What is the thousands digit of 59970877?
0
What is the ten millions digit of 3367831459?
6
What is the thousands digit of 27478810?
8
What is the hundred thousands digit of 64515353?
5
What is the hundreds digit of 190594741?
7
What is the thousands digit of 233590626?
0
What is the ten millions digit of 38445819?
3
What is the tens digit of 219527066?
6
What is the hundred thousands digit of 3326430728?
4
What is the hundred millions digit of 156312140?
1
What is the ten millions digit of 4386293631?
8
What is the ten millions digit of 1805571962?
0
What is the ten thousands digit of 1261267395?
6
What is the ten thousands digit of 230037?
3
What is the millions digit of 46662313?
6
What is the hundred thousands digit of 1439231?
4
What is the hundreds digit of 3436593?
5
What is the tens digit of 338780384?
8
What is the hundred thousands digit of 542199302?
1
What is the hundreds digit of 16611364?
3
What is the ten thousands digit of 535498227?
9
What is the ten millions digit of 47466154?
4
What is the hundred thousands digit of 157029243?
0
What is the hundred thousands digit of 774330958?
3
What is the units digit of 27721263?
3
What is the billions digit of 2009663225?
2
What is the ten thousands digit of 238780695?
8
What is the tens digit of 3413952415?
1
What is the tens digit of 218655419?
1
What is the units digit of 78015312?
2
What is the ten millions digit of 12032457?
1
What is the hundred thousands digit of 197532130?
5
What is the thousands digit of 36806472?
6
What is the hundred thousands digit of 52321548?
3
What is the hundred thousands digit of 16412849?
4
What is the hundreds digit of 2446002042?
0
What is the hundred thousands digit of 135882142?
8
What is the thousands digit of 494610?
4
What is the units digit of 522032090?
0
What is the hundred millions digit of 1910323675?
9
What is the hundred thousands digit of 90452288?
4
What is the hundred thousands digit of 105625317?
6
What is the hundred millions digit of 346424266?
3
What is the units digit of 480132892?
2
What is the tens digit of 343813472?
7
What is the tens digit of 818640703?
0
What is the ten thousands digit of 529498327?
9
What is the hundred millions digit of 3252762419?
2
What is the hundred thousands digit of 726450592?
4
What is the units digit of 111834548?
8
What is the millions digit of 176596474?
6
What is the hundred millions digit of 835329487?
8
What is the thousands digit of 334009986?
9
What is the tens digit of 44800138?
3
What is the ten thousands digit of 41047449?
4
What is the ten millions digit of 108544023?
0
What is the hundred millions digit of 1590867816?
5
What is the thousands digit of 522640123?
0
What is the ten thousands digit of 513728507?
2
What is the hundred thousands digit of 13278378?
2
What is the tens digit of 176730223?
2
What is the units digit of 2247394447?
7
What is the ten thousands digit of 95082153?
8
What is the hundred millions digit of 4389580733?
3
What is the ten thousands digit of 25493647?
9
What is the ten millions digit of 320194145?
2
What is the hundred millions digit of 1624676229?
6
What is the millions digit of 227265002?
7
What is the units digit of 36716809?
9
What is the thousands digit of 27345189?
5
What is the thousands digit of 286884322?
4
What is the hundred thousands digit of 248178251?
1
What is the hundreds digit of 1050979007?
0
What is the ten thousands digit of 291132374?
3
What is the ten thousands digit of 19987035?
8
What is the hundred millions digit of 964195913?
9
What is the hundred thousands digit of 128221991?
2
What is the hundreds digit of 12290566?
5
What is the units digit of 76762191?
1
What is the hundred thousands digit of 64797725?
7
What is the hundreds digit of 193279518?
5
What is the hundred thousands digit of 43502409?
5
What is the units digit of 29733669?
9
What is the millions digit of 26201720?
6
What is the hundred millions digit of 301366293?
3
What is the millions digit of 97684263?
7
What is the hundred thousands digit of 1649214849?
2
What is the hundreds digit of 85069529?
5
What is the ten millions digit of 27112234?
2
What is the hundred thousands digit of 1780191091?
1
What is the millions digit of 8024960869?
4
What is the hundreds digit of 423959270?
2
What is the millions digit of 51395377?
1
What is the ten millions digit of 134173118?
3
What is the hundreds digit of 1662706058?
0
What is the units digit of 9370283?
3
What is the hundred millions digit of 176174236?
1
What is the tens digit of 158314008?
0
What is the hundreds digit of 35638511?
5
What is the hundred thousands digit of 176803032?
8
What is the units digit of 333967252?
2
What is the units digit of 23119002?
2
What is the ten thousands digit of 2638812?
3
What is the tens digit of 7404805241?
4
What is the thousands digit of 4316656?
6
What is the millions digit of 113422367?
3
What is the tens digit of 74615737?
3
What is the units digit of 17179880?
0
What is the ten millions digit of 24833102?
2
What is the hundred millions digit of 947767062?
9
What is the billions digit of 1624216524?
1
What is the tens digit of 86514024?
2
What is the thousands digit of 2128050573?
0
What is the hundred thousands digit of 4400859059?
8
What is the units digit of 1809691096?
6
What is the millions digit of 21990435?
1
What is the hundreds digit of 14784455?
4
What is the hundred thousands digit of 3244952623?
9
What is the millions digit of 6145541547?
5
What is the tens digit of 827994715?
1
What is the units digit of 22060297?
7
What is the ten thousands digit of 919020659?
2
What is the units digit of 111795879?
9
What is the hundreds digit of 2245941568?
5
What is the hundreds digit of 343279967?
9
What is the hundred millions digit of 1805350474?
8
What is the ten thousands digit of 267225907?
2
What is the hundreds digit of 82223028?
0
What is the ten millions digit of 1304931595?
0
What is the units digit of 73264305?
5
What is the ten millions digit of 730398876?
3
What is the millions digit of 309733601?
9
What is the hundred thousands digit of 789482057?
4
What is the ten thousands digit of 227460459?
6
What is the millions digit of 16822171?
6
What is the ten millions digit of 126146738?
2
What is the hundred thousands digit of 354524130?
5
What is the ten thousands digit of 1042064202?
6
What is the ten millions digit of 46233271?
4
What is the hundreds digit of 38186896?
8
What is the hundreds digit of 6761701723?
7
What is the ten thousands digit of 137914229?
1
What is the ten thousands digit of 5900958547?
5
What is the ten millions digit of 